e the prime factors of 1062?
2, 3, 59
List the prime factors of 748.
2, 11, 17
List the prime factors of 3458.
2, 7, 13, 19
List the prime factors of 237.
3, 79
List the prime factors of 4096.
2
What are the prime factors of 7549?
7549
List the prime factors of 36639.
3, 23, 59
List the prime factors of 19718.
2, 9859
What are the prime factors of 14210?
2, 5, 7, 29
What are the prime factors of 190475?
5, 19, 401
List the prime factors of 9878.
2, 11, 449
List the prime factors of 430.
2, 5, 43
List the prime factors of 18415.
5, 29, 127
List the prime factors of 346.
2, 173
What are the prime factors of 44548?
2, 7, 37, 43
What are the prime factors of 702?
2, 3, 13
List the prime factors of 1797.
3, 599
What are the prime factors of 7065?
3, 5, 157
List the prime factors of 56390.
2, 5, 5639
List the prime factors of 6296.
2, 787
List the prime factors of 3835.
5, 13, 59
List the prime factors of 79865.
5, 15973
List the prime factors of 10096.
2, 631
List the prime factors of 1719.
3, 191
List the prime factors of 1336.
2, 167
List the prime factors of 18819.
3, 17, 41
List the prime factors of 69734.
2, 7, 17, 293
List the prime factors of 17321.
17321
What are the prime factors of 20697?
3, 6899
List the prime factors of 48257.
11, 41, 107
List the prime factors of 1288.
2, 7, 23
What are the prime factors of 80188?
2, 20047
List the prime factors of 6256.
2, 17, 23
What are the prime factors of 26251?
26251
List the prime factors of 1072.
2, 67
What are the prime factors of 5363?
31, 173
List the prime factors of 651.
3, 7, 31
List the prime factors of 86930.
2, 5, 8693
What are the prime factors of 37?
37
List the prime factors of 289.
17
What are the prime factors of 260?
2, 5, 13
List the prime factors of 5175.
3, 5, 23
What are the prime factors of 60448?
2, 1889
What are the prime factors of 928?
2, 29
List the prime factors of 6915.
3, 5, 461
List the prime factors of 1216.
2, 19
List the prime factors of 1278.
2, 3, 71
What are the prime factors of 1579?
1579
What are the prime factors of 40844?
2, 10211
List the prime factors of 23055.
3, 5, 29, 53
What are the prime factors of 4015?
5, 11, 73
List the prime factors of 4119.
3, 1373
What are the prime factors of 154?
2, 7, 11
List the prime factors of 19926.
2, 3, 41
What are the prime factors of 10452?
2, 3, 13, 67
List the prime factors of 19022.
2, 9511
What are the prime factors of 1300?
2, 5, 13
What are the prime factors of 3431?
47, 73
List the prime factors of 39065.
5, 13, 601
What are the prime factors of 116?
2, 29
List the prime factors of 678.
2, 3, 113
What are the prime factors of 7699?
7699
What are the prime factors of 460?
2, 5, 23
List the prime factors of 130385.
5, 89, 293
What are the prime factors of 19894?
2, 7, 29
List the prime factors of 19789.
7, 11, 257
What are the prime factors of 89469?
3, 9941
List the prime factors of 2819.
2819
List the prime factors of 10785.
3, 5, 719
List the prime factors of 9921.
3, 3307
What are the prime factors of 10233?
3, 379
List the prime factors of 4258.
2, 2129
List the prime factors of 12941.
12941
What are the prime factors of 15137?
15137
What are the prime factors of 10364?
2, 2591
List the prime factors of 28508.
2, 7127
What are the prime factors of 788?
2, 197
List the prime factors of 58985.
5, 47, 251
What are the prime factors of 3012?
2, 3, 251
What are the prime factors of 19209?
3, 19, 337
What are the prime factors of 7651?
7, 1093
What are the prime factors of 38036?
2, 37, 257
What are the prime factors of 15836?
2, 37, 107
List the prime factors of 31194.
2, 3, 1733
List the prime factors of 39594.
2, 3, 6599
What are the prime factors of 46598?
2, 23, 1013
What are the prime factors of 3100?
2, 5, 31
List the prime factors of 149809.
11, 13619
List the prime factors of 119477.
157, 761
List the prime factors of 22964.
2, 5741
What are the prime factors of 8090?
2, 5, 809
List the prime factors of 19334.
2, 7, 1381
List the prime factors of 577.
577
What are the prime factors of 4036?
2, 1009
What are the prime factors of 34606?
2, 11, 13
List the prime factors of 50383.
50383
What are the prime factors of 139?
139
What are the prime factors of 899?
29, 31
What are the prime factors of 7639?
7639
What are the prime factors of 16534?
2, 7, 1181
What are the prime factors of 831?
3, 277
What are the prime factors of 7604?
2, 1901
List the prime factors of 497.
7, 71
What are the prime factors of 742?
2, 7, 53
What are the prime factors of 88491?
3, 13, 2269
List the prime factors of 511.
7, 73
List the prime factors of 1012.
2, 11, 23
What are the prime factors of 37182?
2, 3, 6197
List the prime factors of 2906.
2, 1453
What are the prime factors of 445?
5, 89
What are the prime factors of 3173?
19, 167
List the prime factors of 30335.
5, 6067
What are the prime factors of 3255?
3, 5, 7, 31
What are the prime factors of 536?
2, 67
List the prime factors of 405.
3, 5
What are the prime factors of 629?
17, 37
List the prime factors of 5622.
2, 3, 937
What are the prime factors of 336?
2, 3, 7
What are the prime factors of 684?
2, 3, 19
List the prime factors of 718.
2, 359
What are the prime factors of 124?
2, 31
List the prime factors of 52414.
2, 73, 359
List the prime factors of 32845.
5, 6569
What are the prime factors of 207?
3, 23
List the prime factors of 13702.
2, 13, 17, 31
What are the prime factors of 1890?
2, 3, 5, 7
List the prime factors of 15745.
5, 47, 67
List the prime factors of 12942.
2, 3, 719
List the prime factors of 4426.
2, 2213
What are the prime factors of 340?
2, 5, 17
List the prime factors of 1275.
3, 5, 17
What are the prime factors of 28055?
5, 31, 181
List the prime factors of 6604.
2, 13, 127
List the prime factors of 10331.
10331
What are the prime factors of 125?
5
What are the prime factors of 2105?
5, 421
List the prime factors of 9584.
2, 599
What are the prime factors of 13048?
2, 7, 233
What are the prime factors of 140?
2, 5, 7
List the prime factors of 14753.
14753
What are the prime factors of 155?
5, 31
List the prime factors of 139039.
163, 853
List the prime factors of 2262.
2, 3, 13, 29
List the prime factors of 3308.
2, 827
What are the prime factors of 3345?
3, 5, 223
What are the prime factors of 2926?
2, 7, 11, 19
List the prime factors of 1314.
2, 3, 73
List the prime factors of 538.
2, 269
What are the prime factors of 6549?
3, 37, 59
List the prime factors of 14978.
2, 7489
List the prime factors of 1269.
3, 47
What are the prime factors of 6940?
2, 5, 347
List the prime factors of 2069.
2069
List the prime factors of 508.
2, 127
What are the prime factors of 2662?
2, 11
List the prime factors of 3909.
3, 1303
List the prime factors of 16170.
2, 3, 5, 7, 11
List the prime factors of 9703.
31, 313
List the prime factors of 883.
883
List the prime factors of 36268.
2, 9067
What are the prime factors of 502?
2, 251
What are the prime factors of 20881?
7, 19, 157
List the prime factors of 1569.
3, 523
What are the prime factors of 1411?
17, 83
List the prime factors of 162.
2, 3
What are the prime factors of 1855?
5, 7, 53
List the prime factors of 47934.
2, 3, 2663
List the prime factors of 7524.
2, 3, 11, 19
List the prime factors of 681.
3, 227
What are the prime factors of 5532?
2, 3, 461
List the prime factors of 12689.
12689
What are the prime factors of 212?
2, 53
List the prime factors of 321.
3, 107
List the prime factors of 42158.
2, 107, 197
List the prime factors of 11123.
7, 227
List the prime factors of 2211.
3, 11, 67
List the prime factors of 716.
2, 179
What are the prime factors of 7486?
2, 19, 197
What are the prime factors of 4497?
3, 1499
What are the prime factors of 745?
5, 149
List the prime factors of 3591.
3, 7, 19
List the prime factors of 2369.
23, 103
What are the prime factors of 18640?
2, 5, 233
What are the prime factors of 4508?
2, 7, 23
List the prime factors of 175.
5, 7
What are the prime factors of 2539?
2539
What are the prime factors of 38583?
3, 1429
List the prime factors of 22158.
2, 3, 1231
What are the prime factors of 29186?
2, 14593
What are the prime factors of 37810?
2, 5, 19, 199
List the prime factors of 1504.
2, 47
List the prime factors of 6281.
11, 571
What are the prime factors of 824?
2, 103
